{"id":1557,"date":"2017-08-31T07:17:56","date_gmt":"2017-08-31T07:17:56","guid":{"rendered":"http:\/\/team-culture.dk\/index\/?page_id=1557"},"modified":"2017-09-05T15:31:41","modified_gmt":"2017-09-05T15:31:41","slug":"team-culture-skraeddersyet-til-kompleksitet","status":"publish","type":"page","link":"https:\/\/team-culture.dk\/index\/team-culture-skraeddersyet-til-kompleksitet\/","title":{"rendered":"Team Culture\u2122 &#8211; skr\u00e6ddersyet til kompleksitet"},"content":{"rendered":"<div class=\"row\">\n<div class=\"col-xs-12 col-xs-offset-0\">\n<div class=\"video-container\"><iframe loading=\"lazy\" src=\"https:\/\/www.youtube.com\/embed\/5_bM8k9oMvk?rel=0&amp;showinfo=0\" width=\"300\" height=\"150\" frameborder=\"0\" allowfullscreen=\"allowfullscreen\"><\/iframe><\/div>\n<\/div>\n<\/div>\n<p>Deltager du i flere teams? Det er der mange der g\u00f8r &#8211; og b\u00e5de opgaverne og deltagerkredsen kan \u00e6ndre sig undervejs. Derfor skal du v\u00e6lge en teambuilding, der er m\u00e5lrettet denne virkelighed.<\/p>\n<p>3. generation teambuilding er opfundet af Team Culture\u2122. Det er en kombination af et realitetstjek og nye samtaler om samarbejdet. I f\u00e5r praktiske redskaber, s\u00e5 teamet kan tilpasse teamkulturen til de aktuelle opgaver &#8211; og samtidig udvikler den jeres kompetencer til at &#8216;teame&#8217;.<\/p>\n","protected":false},"excerpt":{"rendered":"<p>Deltager du i flere teams? Det er der mange der g\u00f8r &#8211; og b\u00e5de opgaverne og deltagerkredsen kan \u00e6ndre sig undervejs. Derfor skal du v\u00e6lge en teambuilding, der er m\u00e5lrettet denne virkelighed. 3. generation teambuilding er opfundet af Team Culture\u2122. Det er en kombination af et realitetstjek og nye samtaler om samarbejdet. I f\u00e5r praktiske [&hellip;]<\/p>\n","protected":false},"author":4,"featured_media":0,"parent":0,"menu_order":0,"comment_status":"open","ping_status":"open","template":"full-width.php","meta":{"_acf_changed":false,"footnotes":""},"class_list":["post-1557","page","type-page","status-publish","hentry"],"acf":[],"_links":{"self":[{"href":"https:\/\/team-culture.dk\/index\/wp-json\/wp\/v2\/pages\/1557","targetHints":{"allow":["GET"]}}],"collection":[{"href":"https:\/\/team-culture.dk\/index\/wp-json\/wp\/v2\/pages"}],"about":[{"href":"https:\/\/team-culture.dk\/index\/wp-json\/wp\/v2\/types\/page"}],"author":[{"embeddable":true,"href":"https:\/\/team-culture.dk\/index\/wp-json\/wp\/v2\/users\/4"}],"replies":[{"embeddable":true,"href":"https:\/\/team-culture.dk\/index\/wp-json\/wp\/v2\/comments?post=1557"}],"version-history":[{"count":5,"href":"https:\/\/team-culture.dk\/index\/wp-json\/wp\/v2\/pages\/1557\/revisions"}],"predecessor-version":[{"id":1573,"href":"https:\/\/team-culture.dk\/index\/wp-json\/wp\/v2\/pages\/1557\/revisions\/1573"}],"wp:attachment":[{"href":"https:\/\/team-culture.dk\/index\/wp-json\/wp\/v2\/media?parent=1557"}],"curies":[{"name":"wp","href":"https:\/\/api.w.org\/{rel}","templated":true}]}}